?
1
What is the units digit of 226881?
1
What is the millions digit of 4478536?
4
What is the hundred thousands digit of 4123432?
1
What is the units digit of 864690?
0
What is the thousands digit of 342821?
2
What is the tens digit of 6644902?
0
What is the hundreds digit of 1313697?
6
What is the hundreds digit of 242201?
2
What is the hundreds digit of 238826?
8
What is the units digit of 756966?
6
What is the thousands digit of 412642?
2
What is the tens digit of 1079046?
4
What is the ten thousands digit of 13165147?
6
What is the ten thousands digit of 928174?
2
What is the hundred thousands digit of 15256685?
2
What is the hundreds digit of 26013?
0
What is the tens digit of 987225?
2
What is the thousands digit of 140753?
0
What is the thousands digit of 2716785?
6
What is the ten thousands digit of 1019375?
1
What is the ten thousands digit of 244193?
4
What is the ten thousands digit of 5632851?
3
What is the thousands digit of 6794623?
4
What is the tens digit of 713003?
0
What is the hundreds digit of 17323487?
4
What is the millions digit of 20603019?
0
What is the units digit of 54043?
3
What is the units digit of 7233100?
0
What is the ten thousands digit of 1352738?
5
What is the thousands digit of 144165?
4
What is the units digit of 8575?
5
What is the hundreds digit of 3722?
7
What is the hundred thousands digit of 790485?
7
What is the ten thousands digit of 73366?
7
What is the thousands digit of 184929?
4
What is the ten thousands digit of 388784?
8
What is the hundreds digit of 20425685?
6
What is the ten thousands digit of 4869990?
6
What is the ten thousands digit of 660935?
6
What is the tens digit of 3542357?
5
What is the thousands digit of 8874941?
4
What is the tens digit of 227864?
6
What is the tens digit of 4326176?
7
What is the units digit of 4856564?
4
What is the units digit of 1297634?
4
What is the ten thousands digit of 973407?
7
What is the hundreds digit of 9178913?
9
What is the hundreds digit of 5775516?
5
What is the hundreds digit of 45534?
5
What is the ten thousands digit of 3207790?
0
What is the tens digit of 12178831?
3
What is the tens digit of 3724292?
9
What is the units digit of 1777160?
0
What is the ten thousands digit of 597489?
9
What is the units digit of 4038891?
1
What is the ten thousands digit of 5110232?
1
What is the millions digit of 4633893?
4
What is the thousands digit of 4063966?
3
What is the hundred thousands digit of 4606149?
6
What is the thousands digit of 562123?
2
What is the thousands digit of 147778?
7
What is the hundreds digit of 73423?
4
What is the ten thousands digit of 973680?
7
What is the ten thousands digit of 314521?
1
What is the hundred thousands digit of 602717?
6
What is the ten thousands digit of 9582636?
8
What is the ten thousands digit of 1360176?
6
What is the millions digit of 6093644?
6
What is the tens digit of 65361?
6
What is the tens digit of 3775300?
0
What is the hundreds digit of 222636?
6
What is the units digit of 324495?
5
What is the thousands digit of 111662?
1
What is the hundreds digit of 394444?
4
What is the units digit of 958398?
8
What is the ten thousands digit of 3415169?
1
What is the ten thousands digit of 4932431?
3
What is the thousands digit of 1141497?
1
What is the units digit of 1207872?
2
What is the thousands digit of 49738?
9
What is the hundreds digit of 706225?
2
What is the tens digit of 1082346?
4
What is the hundreds digit of 5663685?
6
What is the tens digit of 246037?
3
What is the ten thousands digit of 8280751?
8
What is the ten thousands digit of 959062?
5
What is the tens digit of 13079058?
5
What is the hundreds digit of 210483?
4
What is the ten thousands digit of 247110?
4
What is the millions digit of 5335703?
5
What is the hundred thousands digit of 2033439?
0
What is the hundred thousands digit of 2189478?
1
What is the tens digit of 71438?
3
What is the thousands digit of 16816248?
6
What is the hundreds digit of 7985409?
4
What is the hundred thousands digit of 833856?
8
What is the hundreds digit of 256432?
4
What is the thousands digit of 27364863?
4
What is the hundreds digit of 4125678?
6
What is the hundred thousands digit of 338931?
3
What is the tens digit of 239356?
5
What is the units digit of 157227?
7
What is the ten thousands digit of 315347?
1
What is the tens digit of 6179913?
1
What is the thousands digit of 434538?
4
What is the thousands digit of 919420?
9
What is the hundred thousands digit of 6036970?
0
What is the ten thousands digit of 202095?
0
What is the hundred thousands digit of 14979424?
9
What is the units digit of 1079557?
7
What is the hundred thousands digit of 746204?
7
What is the tens digit of 7042907?
0
What is the ten thousands digit of 8161212?
6
What is the ten millions digit of 31496088?
3
What is the hundred thousands digit of 180561?
1
What is the hundred thousands digit of 4048504?
0
What is the thousands digit of 12513993?
3
What is the ten thousands digit of 27625018?
2
What is the tens digit of 5368362?
6
What is the hundreds digit of 261455?
4
What is the millions digit of 5219340?
5
What is the thousands digit of 1352874?
2
What is the thousands digit of 229990?
9
What is the hundred thousands digit of 564023?
5
What is the hundred thousands digit of 4532390?
5
What is the tens digit of 6501057?
5
What is the ten thousands digit of 802522?
0
What is the tens digit of 416136?
3
What is the ten millions digit of 12616632?
1
What is the ten thousands digit of 474446?
7
What is the ten thousands digit of 1626263?
2
What is the ten thousands digit of 3012682?
1
What is the hundreds digit of 473647?
6
What is the ten thousands digit of 5875025?
7
What is the tens digit of 877158?
5
What is the tens digit of 4353152?
5
What is the ten thousands digit of 2355823?
5
What is the hundreds digit of 141498?
4
What is the hundred thousands digit of 265333?
2
What is the thousands digit of 21399?
1
What is the ten thousands digit of 909430?
0
What is the thousands digit of 1136462?
6
What is the ten thousands digit of 2055414?
5
What is the ten thousands digit of 1972724?
7
What is the ten thousands digit of 2204964?
0
What is the millions digit of 4441610?
4
What is the units digit of 21666?
6
What is the tens digit of 1008028?
2
What is the hundreds digit of 3240121?
1
What is the tens digit of 14535946?
4
What is the tens digit of 134280?
8
What is the hundreds digit of 3096730?
7
What is the units digit of 346707?
7
What is the ten thousands digit of 92691?
9
What is the ten thousands digit of 1071849?
7
What is the hundred thousands digit of 2451708?
4
What is the ten thousands digit of 8234178?
3
What is the ten thousands digit of 5402723?
0
What is the units digit of 922505?
5
What is the tens digit of 30187345?
4
What is the thousands digit of 721339?
1
What is the units digit of 182293?
3
What is the thousands digit of 4687586?
7
What is the tens digit of 530320?
2
What is the units digit of 3111935?
5
What is the millions digit of 1234921?
1
What is the units digit of 633435?
5
What is the units digit of 45098?
8
What is the thousands digit of 20078936?
8
What is the units digit of 5823285?
5
What is the hundreds digit of 37374?
3
What is the units digit of 2664365?
5
What is the hundred thousands digit of 452691?
4
What is the ten millions digit of 35877854?
3
What is the hundred thousands digit of 947823?
9
What is the tens digit of 399854?
5
What is the tens digit of 1224030?
3
What is the hundreds digit of 4328193?
1
What is the hundreds digit of 165302?
3
What is the units digit of 1224787?
7
What is the thousands digit of 21049?
1
What is the hundreds digit of 1185819?
8
What is the ten thousands digit of 3993898?
9
What is the units digit of 3857413?
3
What is the hundred thousands digit of 1258742?
2
What is the tens digit of 388622?
2
What is the units digit of 731769?
9
What is the thousands digit of 7841470?
1
What is the thousands digit of 1324731?
4
What is the ten thousands digit of 1180860?
8
What is the millions digit of 33474181?
3
What is the hundreds digit of 131214?
2
What is the hundreds digit of 531868?
8
What is the units digit of 2424918?
8
What is the hundred thousands digit of 993708?
9
What is the thousands digit of 494758